se -27 = 5*u + n, -4*u - 2*n = -0*u + 18. Let s be (-7)/k*(u + 4). What is the greatest common divisor of 7 and s?
7
Let k = -7 - -16. Suppose -81 = 6*i - 9*i. What is the greatest common divisor of i and k?
9
Suppose 3*s = 5*s + 88. Let w = s - -66. Calculate the highest common factor of w and 11.
11
Suppose -47*b - 255 = -50*b. What is the highest common divisor of b and 68?
17
Let a be 0 + 1 - (-16)/2. Calculate the highest common divisor of 63 and a.
9
Let g = 20 + -4. What is the highest common factor of 144 and g?
16
Let j = -2 + 0. Let m be ((-576)/(-40))/(j/(-10)). Calculate the highest common divisor of m and 24.
24
Suppose 0 = -v + 3*v - b - 19, 0 = -b + 5. Calculate the highest common factor of 8 and v.
4
Suppose -3*j - 1 = -10. Suppose 0 = -j*u + 2*u + 24. What is the highest common factor of u and 60?
12
Let i be 12*((-21)/2)/(-7). What is the highest common divisor of i and 9?
9
Let v(i) = -4*i + 5. Let c = -26 - -16. Let w be v(c). Suppose 0 = 4*s + y - 32, -12 - 28 = -4*s + y. What is the greatest common factor of w and s?
9
Suppose 3*x - 44 - 55 = -3*c, 5*c = -4*x + 169. What is the greatest common factor of c and 296?
37
Suppose 135 = 5*j - 15. What is the greatest common factor of 50 and j?
10
Suppose 0 = -3*l + 18 - 6. Let f(s) = 2*s + s - l + s + 4*s. Let c be f(5). What is the greatest common factor of c and 9?
9
Let s = 59 + -41. Let g = -22 - -67. What is the greatest common factor of s and g?
9
Suppose -158 = -4*t - 38. Suppose -86 = -2*d - t. What is the highest common factor of 28 and d?
28
Let v be 1 + -2 + 5 - 0. Suppose v*r = 143 - 23. What is the highest common factor of 20 and r?
10
Suppose 7*d - 2*d - 4*m = 64, -2*m - 50 = -4*d. Calculate the highest common divisor of 108 and d.
12
Suppose -2*o + 312 = -4*t, 3*o - 5*t = 453 + 14. What is the greatest common divisor of o and 14?
14
Let l = -8 + -3. Let k(g) = -6*g - 16. Let m be k(l). Calculate the greatest common divisor of m and 10.
10
Let a be (-3)/((-9)/12) + 2. Let k be 12 - (a/3 + -3). Suppose -4*n + 572 = 4*b, -572 = -4*n - 0*b + b. What is the highest common divisor of k and n?
13
Suppose 8 - 2 = 2*n. Suppose -5 = -b + 2*s + 9, 5*s = -n*b + 42. What is the highest common divisor of 21 and b?
7
Let c(a) = 12*a + 12. Let q be c(11). Let k(f) = -f**2 + 14*f - 8. Let w be k(12). Calculate the highest common factor of q and w.
16
Let f(s) = -2*s**2 - 20*s - 18. Let r be f(-8). Calculate the greatest common divisor of r and 56.
14
Let z(h) = h**2 + 2*h - 8. Let f be z(-6). Let b be 0 - (-26 + -3 + 3). Let s = b - f. Calculate the greatest common divisor of 80 and s.
10
Let w(a) = 2*a**3 - 9*a**2 - 7*a + 35. Let y be w(7). What is the highest common factor of y and 21?
21
Let s be (2 + 2)*(0 - -4). Let i be 144/56 - (3/(-7) + 1). What is the highest common factor of s and i?
2
Suppose -5*k + 1303 = -572. Suppose 3*q = 8*q - k. Calculate the greatest common divisor of 15 and q.
15
Let d = 1 - -15. Let p(i) be the first derivative of i**3/3 - i**2/2 + 6*i - 2. Let z be p(7). What is the highest common factor of z and d?
16
Suppose 3*u = -3*o + 690, 6*u - 3*u - 702 = 3*o. Let b(v) = 2*v + 11. Let j be b(9). What is the greatest common divisor of u and j?
29
Let x(o) = 5*o + 1. Let a(z) = -4*z - 1. Let b(s) = 2*a(s) + 3*x(s). Let v be b(2). Calculate the highest common divisor of 15 and v.
15
Let j(w) = -2*w + 16. Let t = -8 - -15. Let y be j(t). What is the highest common factor of y and 2?
2
Let u = -4 + 2. Let k(n) = -16*n**3 - n**2 + n - 2. Let y be k(u). Calculate the greatest common factor of y and 15.
15
Let w = 11 + 7. Let b = 19 - w. What is the greatest common factor of 7 and b?
1
Suppose 3*f - 13 = -x + 23, -2*x - 5*f = -71. Calculate the greatest common factor of x and 3.
3
Let i(w) = -w**2 + 5*w + 10. Let p be i(5). What is the highest common factor of 90 and p?
10
Let v(y) = 3*y + 1. Let a be v(1). Suppose -a*m + 2*m + 144 = 0. What is the greatest common factor of m and 9?
9
Let u = -309 - -573. Suppose u = -0*z + 4*z. Suppose 3*h + 5*b - 70 = -15, -4*h - 3*b = -z. Calculate the highest common factor of h and 10.
5
Let a(k) = -2*k - 1. Let v be a(-1). Let g = v - -4. Calculate the highest common factor of g and 40.
5
Suppose 24 = 3*v + 2*c, -5*v - c = 2*c - 40. Suppose 7*s - 8 = 3*s. What is the greatest common divisor of s and v?
2
Let g = 3 - 0. Suppose -h = -4*u - 26, g*h + 3*u = 2 + 16. Let d be 1/(1/(-3)) - -28. What is the highest common factor of d and h?
5
Let r be (-36)/42*(-77 + 0). Calculate the greatest common divisor of r and 6.
6
Suppose 0 = 3*f + 62 - 23. Let c be (2 + -6)*f/4. Calculate the greatest common divisor of c and 143.
13
Suppose -111 = -2*l + 93. Let p be l/4 - 9/6. Calculate the greatest common factor of 6 and p.
6
Let r(p) = p**3 + 14*p**2 + 12*p + 5. Let a be r(-13). Calculate the highest common factor of 9 and a.
9
Let b be ((-272)/(-20))/1*5/2. Suppose -2*k - d + 100 = 0, 5*d - 147 = -3*k + 2*d. Calculate the highest common factor of k and b.
17
Let u(v) = -6*v + 3. Let o be u(2). Let j be 2/(-3) - (-3)/o. Let d(b) = -14*b**3 + 2*b**2 + b. Let p be d(j). Calculate the greatest common divisor of 3 and p.
3
Let i(n) = -10*n - 1. Let f be i(-2). Let b = 37 - f. Let o be (-148)/(-18) - 4/b. What is the highest common factor of o and 56?
8
Let t = 12 - -12. Suppose d - 213 = -2*d - 3*w, 205 = 3*d - 5*w. Let m = d - 34. What is the highest common divisor of m and t?
12
Let z = -192 - -423. What is the greatest common factor of z and 33?
33
Let p be (6/(-4))/((-1)/10). Calculate the greatest common divisor of p and 60.
15
Suppose -28 - 50 = -2*j. Suppose j - 6 = 3*b. Calculate the highest common factor of b and 11.
11
Let o be 6 + (-15)/(-5) - 0. What is the greatest common divisor of 27 and o?
9
Let a = 10 - 4. Calculate the greatest common factor of 2 and a.
2
Suppose 3*p + 45 = 3*s, 0 = 2*s - 5*s + 4*p + 45. Let a = 24 - 9. What is the highest common divisor of a and s?
15
Suppose 4*y + 5*z - 37 = 0, 0 = -3*y - y + 2*z + 58. What is the highest common factor of y and 13?
13
Let b = 16 + -10. Suppose 4*n - b*n + 168 = 0. What is the highest common divisor of 21 and n?
21
Let x = 320 - 201. What is the greatest common factor of x and 17?
17
Let d(k) = 2*k**3 + k**2 - 4*k - 3. Let p be d(-2). Let l be p/((-147)/(-144))*-7. What is the greatest common factor of l and 12?
12
Let s be -2*1/(-4)*10. Suppose 5*h - 4*l - 31 = 2*h, 5*h = 5*l + 45. Calculate the greatest common divisor of s and h.
5
Let c be (3 + 9)/3 - 10. Let k(i) = i**3 + 10*i**2 - 3*i - 9. Let d be k(c). What is the highest common divisor of d and 17?
17
Let u be -5 + 3 + (8 - -1). Let m(j) = j**3 - 7*j**2 + 5*j + 1. Let z be m(u). What is the greatest common factor of z and 24?
12
Let r be -3 + 0 + 44 + 3. What is the greatest common factor of r and 4?
4
Let o(z) = 2*z**3 - 3*z**2 - z. Let h be o(3). Calculate the greatest common divisor of 24 and h.
24
Suppose -13*i + 9*i + 76 = 0. Calculate the greatest common divisor of 57 and i.
19
Suppose k + 0*k = 3. Suppose -4*x = -t + 7, 2*x + 21 = k*t + x. Suppose 0 = 3*i - t*i + 28. What is the highest common factor of i and 14?
7
Let p = 1 - 6. Let i be (-1)/p + (-54)/(-30). Let b be 1*(3 + (i - 2)). Calculate the greatest common divisor of 3 and b.
3
Let z = 1 + 6. Let i(m) = -2*m - 9. Let g be i(-8). Calculate the highest common factor of z and g.
7
Suppose -n = -2*n + 3. Suppose -217 - 191 = -n*m. Calculate the highest common divisor of 17 and m.
17
Let u = 30 + -20. Let c(b) = -b**3 + 5*b**2 + b - 1. Let q be c(3). Let j = q - u. Calculate the greatest common divisor of j and 5.
5
Let i = 54 + 26. Suppose -21 = -3*y + 75. What is the highest common divisor of i and y?
16
Let q = 53 + 3. What is the highest common factor of 28 and q?
28
Suppose -5*t + 615 = 3*g - 228, 3*t + 3*g - 501 = 0. What is the greatest common factor of 19 and t?
19
Suppose -c = -3*c + 224. Suppose 3*x + c = -2*i, i + 52 = -3*x - 55. Let v = 48 + x. What is the highest common factor of v and 14?
14
Let d = -42 - -129. Suppose -2*b + 1 = -d. Calculate the highest common factor of b and 11.
11
Suppose 4*w + 6 = 54. Suppose j - w = -j. What is the greatest common divisor of j and 6?
6
Suppose 0 = -5*m + 31 - 6. Calculate the greatest common 